{"id":141,"date":"2012-11-11T13:15:38","date_gmt":"2012-11-11T13:15:38","guid":{"rendered":"http:\/\/www.adishat.fr\/maquettecdfsgt65\/?page_id=141"},"modified":"2012-11-11T13:15:38","modified_gmt":"2012-11-11T13:15:38","slug":"la-fsgt-aujourdhui","status":"publish","type":"page","link":"https:\/\/www.fsgt65.org\/?page_id=141","title":{"rendered":"La FSGT aujourd&rsquo;hui"},"content":{"rendered":"<ul>\n<li>\n<p align=\"justify\"><span style=\"color: #000000; font-family: arial,helvetica,sans-serif;\"><strong>Affinitaire<\/strong>, par ses racines travaillistes et son implication dans le monde du travail,<\/span><\/p>\n<\/li>\n<li>\n<p align=\"justify\"><span style=\"color: #000000; font-family: arial,helvetica,sans-serif;\"><strong>Sportive et d\u2019\u00e9ducation<\/strong>, elle b\u00e9n\u00e9ficie \u00e0 la fois des agr\u00e9ments \u00ab\u00a0sport\u00a0\u00bb et \u00ab\u00a0\u00e9ducation populaire\u00a0\u00bb,<\/span><\/p>\n<\/li>\n<li>\n<p align=\"justify\"><span style=\"color: #000000;\"><span style=\"font-family: arial,helvetica,sans-serif;\"><span style=\"font-size: small;\"><strong>Multipsorts<\/strong>, elle rassemble plus d&rsquo;une cinquantaine d&rsquo;activit\u00e9s et permet leur pratique gr\u00e2ce \u00e0 une <strong>licence unique<\/strong>.<\/span><\/span><\/span><\/p>\n<\/li>\n<\/ul>\n<p><span style=\"color: #000000; font-family: arial,helvetica,sans-serif;\">La FSGT f\u00e9d\u00e8re plus de <strong>4000 associations sportives<\/strong> (petits clubs uni sport, grands clubs omnisports, clubs de quartier, clubs d\u2019entreprise, clubs de village, clubs de copains), <strong>260\u00a0000 adh\u00e9rents<\/strong>, r\u00e9partis dans <strong>70 comit\u00e9s d\u00e9partementaux<\/strong> sur l\u2019ensemble du territoire fran\u00e7ais (m\u00e9tropole et outre-mer).<\/span><\/p>\n<div align=\"justify\">Elle organise plus de 60 finales nationales pour une trentaine d\u2019activit\u00e9s qui regroupent plus de 20\u00a0000 comp\u00e9titeurs mais aussi des accompagnateurs et des familles. Dans l\u2019ensemble des \u00e9preuves\u00a0FSGT, l\u2019activit\u00e9 sportive et les performances r\u00e9alis\u00e9es ne sont ni plus ni moins importantes que tous les autres aspects de l\u2019initiative\u00a0: d\u00e9couverte de la r\u00e9gion, accueil des finales, convivialit\u00e9, etc.<\/div>\n<p align=\"justify\">\n<p align=\"justify\"><span style=\"color: #000000;\">&#8211; LES VALEURS DE LA FSGT\u00a0&#8211;<\/span><\/p>\n<p align=\"justify\"><em><span style=\"color: #000000;\"><strong>Sport \u00e9ducatif et citoyen<\/strong><\/span><\/em><\/p>\n<p align=\"justify\">La FSGT d\u00e9veloppe un sport <strong>adapt\u00e9 \u00e0 tous les niveaux techniques et cat\u00e9gories d\u2019\u00e2ge<\/strong>, sans discrimination sociale, raciale ou religieuse, qui vise l\u2019\u00e9panouissement et le progr\u00e8s de chacun.<\/p>\n<p align=\"justify\">\n<p align=\"justify\"><em><strong>Sport associatif et b\u00e9n\u00e9vole<\/strong><\/em><\/p>\n<p align=\"justify\">La FSGT propose un sport port\u00e9 par des valeurs associatives et l\u2019engagement b\u00e9n\u00e9vole, en r\u00e9sistance \u00e0 la marchandisation progressive du sport et du social.<\/p>\n<p align=\"justify\">\n<p align=\"justify\"><em><strong>Sport et innovation<\/strong><\/em><\/p>\n<p align=\"justify\">La FSGT est une source permanente <strong>d\u2019invention de concepts sportifs et d\u2019adaptation des r\u00e8glements<\/strong>\u00a0: foot \u00e0 7 autoarbitr\u00e9, course sur route, productions gymniques et artistiques, activit\u00e9s multisports petite enfance et familiale, etc.<\/p>\n<p align=\"justify\">\n<p align=\"justify\"><em><strong>Sports et partenariat<\/strong><\/em><\/p>\n<p align=\"justify\">La FSGT a tiss\u00e9 un r\u00e9seau \u00e9tendu de collaborations, au niveau institutionnel, associatif, social et m\u00eame international par son implication au sein de la Conf\u00e9d\u00e9ration Sportive Internationale du Travail.<\/p>\n","protected":false},"excerpt":{"rendered":"<p>Affinitaire, par ses racines travaillistes et son implication dans le monde du travail, Sportive et d\u2019\u00e9ducation, elle b\u00e9n\u00e9ficie \u00e0 la fois des agr\u00e9ments \u00ab\u00a0sport\u00a0\u00bb et \u00ab\u00a0\u00e9ducation populaire\u00a0\u00bb, Multipsorts, elle rassemble <a class=\"more-link\" href=\"https:\/\/www.fsgt65.org\/?page_id=141\">Lire la suite \u2192<\/a><\/p>\n","protected":false},"author":4,"featured_media":0,"parent":20,"menu_order":0,"comment_status":"closed","ping_status":"closed","template":"","meta":{"ngg_post_thumbnail":0},"_links":{"self":[{"href":"https:\/\/www.fsgt65.org\/index.php?rest_route=\/wp\/v2\/pages\/141"}],"collection":[{"href":"https:\/\/www.fsgt65.org\/index.php?rest_route=\/wp\/v2\/pages"}],"about":[{"href":"https:\/\/www.fsgt65.org\/index.php?rest_route=\/wp\/v2\/types\/page"}],"author":[{"embeddable":true,"href":"https:\/\/www.fsgt65.org\/index.php?rest_route=\/wp\/v2\/users\/4"}],"replies":[{"embeddable":true,"href":"https:\/\/www.fsgt65.org\/index.php?rest_route=%2Fwp%2Fv2%2Fcomments&post=141"}],"version-history":[{"count":0,"href":"https:\/\/www.fsgt65.org\/index.php?rest_route=\/wp\/v2\/pages\/141\/revisions"}],"up":[{"embeddable":true,"href":"https:\/\/www.fsgt65.org\/index.php?rest_route=\/wp\/v2\/pages\/20"}],"wp:attachment":[{"href":"https:\/\/www.fsgt65.org\/index.php?rest_route=%2Fwp%2Fv2%2Fmedia&parent=141"}],"curies":[{"name":"wp","href":"https:\/\/api.w.org\/{rel}","templated":true}]}}