{"id":601,"date":"2012-12-20T09:04:47","date_gmt":"2012-12-20T08:04:47","guid":{"rendered":"http:\/\/www.fsgt65.org\/?page_id=601"},"modified":"2012-12-28T00:27:32","modified_gmt":"2012-12-27T23:27:32","slug":"calendrier-categorie-3","status":"publish","type":"page","link":"https:\/\/www.fsgt65.org\/?page_id=601","title":{"rendered":"Calendrier v\u00e9lo"},"content":{"rendered":"<div class=\"su-tabs su-tabs-style-1 su-tabs-mobile-stack\" data-active=\"1\" data-scroll-offset=\"0\" data-anchor-in-url=\"no\"><div class=\"su-tabs-nav\"><span class=\"\" data-url=\"\" data-target=\"blank\" tabindex=\"0\" role=\"button\">Calendrier 65<\/span><span class=\"\" data-url=\"\" data-target=\"blank\" tabindex=\"0\" role=\"button\">Calendrier 65 (Version imprimable)<\/span><span class=\"\" data-url=\"\" data-target=\"blank\" tabindex=\"0\" role=\"button\">Calendrier Midi Pyr\u00e9n\u00e9es<\/span><\/div><div class=\"su-tabs-panes\"><div class=\"su-tabs-pane su-u-clearfix su-u-trim\" data-title=\"Calendrier 65\"><\/p>\n<p><div class=\"su-spoiler su-spoiler-style-default su-spoiler-icon-plus su-spoiler-closed\" data-scroll-offset=\"0\" data-anchor-in-url=\"no\"><div class=\"su-spoiler-title\" tabindex=\"0\" role=\"button\"><span class=\"su-spoiler-icon\"><\/span>Format calendrier<\/div><div class=\"su-spoiler-content su-u-clearfix su-u-trim\">[calendar categories=\u00a0\u00bb4&Prime;]<\/div><\/div><\/p>\n<p><div class=\"su-spoiler su-spoiler-style-default su-spoiler-icon-plus su-spoiler-closed\" data-scroll-offset=\"0\" data-anchor-in-url=\"no\"><div class=\"su-spoiler-title\" tabindex=\"0\" role=\"button\"><span class=\"su-spoiler-icon\"><\/span>Format liste<\/div><div class=\"su-spoiler-content su-u-clearfix su-u-trim\">[eventlist categories=\u00a0\u00bb4&Prime;\u00a0 limit=50 whitelabel=true noresults=\u00a0\u00bbPas d&rsquo;\u00e9v\u00e9nement \u00e0 venir\u00a0\u00bb]<\/div><\/div><\/p>\n<p><\/div>\n<div class=\"su-tabs-pane su-u-clearfix su-u-trim\" data-title=\"Calendrier 65 (Version imprimable)\"><br \/>\n<a href=\"http:\/\/www.fsgt65.org\/wp-content\/uploads\/2012\/12\/calendrier-2013.pdf\">calendrier 2013 version t\u00e9l\u00e9chargable<\/a><\/p>\n<p><div class=\"su-table su-table-alternate\"><\/div><\/p>\n<p><\/div>\n<div class=\"su-tabs-pane su-u-clearfix su-u-trim\" data-title=\"Calendrier Midi Pyr\u00e9n\u00e9es\"><\/p>\n<p align=\"left\">Ebauche Calendrier Route Midi-Pyr\u00e9n\u00e9es \u00a02013 \u00a0\u00a0\u00a0FSGT<\/p>\n<p align=\"left\">\u00a0<a href=\"http:\/\/www.fsgt65.org\/wp-content\/uploads\/2012\/12\/Calendrier_Route_MidPyr_2013_FSGT_Ebauche.pdf\">Ebauche Calendrier Route Midi-Pyr\u00e9n\u00e9es 2013 013_(Version imprimable)<\/a><\/p>\n<table width=\"659\" border=\"1\" cellspacing=\"0\" cellpadding=\"0\">\n<tbody>\n<tr>\n<td valign=\"bottom\" nowrap=\"nowrap\" width=\"112\"><b>Date<\/b><\/td>\n<td valign=\"bottom\" nowrap=\"nowrap\" width=\"304\"><b>D\u00e9nomination course<\/b><\/td>\n<td valign=\"bottom\" nowrap=\"nowrap\" width=\"104\"><b>Organisateur<\/b><\/td>\n<td valign=\"bottom\" nowrap=\"nowrap\" width=\"32\"><b>Obs <\/b><\/td>\n<td valign=\"top\" width=\"96\">\n<p align=\"center\"><b>T\u00e9l\u00e9phone<\/b><\/p>\n<\/td>\n<\/tr>\n<tr>\n<td valign=\"bottom\" nowrap=\"nowrap\" width=\"112\">D. 17 F\u00e9vrier<\/td>\n<td valign=\"bottom\" nowrap=\"nowrap\" width=\"304\">CYCLOSPORTIVE BEAUMARCHES<\/td>\n<td valign=\"bottom\" nowrap=\"nowrap\" width=\"104\">USPC<\/td>\n<td valign=\"bottom\" nowrap=\"nowrap\" width=\"32\">CS<\/td>\n<td valign=\"top\" width=\"96\"><\/td>\n<\/tr>\n<tr>\n<td valign=\"bottom\" nowrap=\"nowrap\" width=\"112\">D. 11 Mars<\/td>\n<td valign=\"bottom\" nowrap=\"nowrap\" width=\"304\">EICHEL\u00a0 (09)<\/td>\n<td valign=\"bottom\" nowrap=\"nowrap\" width=\"104\">CSL<\/td>\n<td valign=\"bottom\" nowrap=\"nowrap\" width=\"32\">C<\/td>\n<td valign=\"top\" width=\"96\">\n<p align=\"center\">06 22 88 16 87<\/p>\n<\/td>\n<\/tr>\n<tr>\n<td valign=\"bottom\" nowrap=\"nowrap\" width=\"112\">D. 17 Mars<\/td>\n<td valign=\"bottom\" nowrap=\"nowrap\" width=\"304\">LAUNAC (31)<\/td>\n<td valign=\"bottom\" nowrap=\"nowrap\" width=\"104\">TOAC<\/td>\n<td valign=\"bottom\" nowrap=\"nowrap\" width=\"32\">c<\/td>\n<td valign=\"top\" width=\"96\">\n<p align=\"center\">05 61 71 15 03<\/p>\n<\/td>\n<\/tr>\n<tr>\n<td valign=\"bottom\" nowrap=\"nowrap\" width=\"112\">D. 17 Mars<\/td>\n<td valign=\"bottom\" nowrap=\"nowrap\" width=\"304\">BORDERES (65)<\/td>\n<td valign=\"bottom\" nowrap=\"nowrap\" width=\"104\">CCM<\/td>\n<td valign=\"bottom\" nowrap=\"nowrap\" width=\"32\">C<\/td>\n<td valign=\"top\" width=\"96\">\n<p align=\"center\">05 59 58 22 97<\/p>\n<\/td>\n<\/tr>\n<tr>\n<td valign=\"bottom\" nowrap=\"nowrap\" width=\"112\">D. 24 Mars<\/td>\n<td valign=\"bottom\" nowrap=\"nowrap\" width=\"304\">SALLE (31)<\/td>\n<td valign=\"bottom\" nowrap=\"nowrap\" width=\"104\">COC<\/td>\n<td valign=\"bottom\" nowrap=\"nowrap\" width=\"32\">c<\/td>\n<td valign=\"top\" width=\"96\"><\/td>\n<\/tr>\n<tr>\n<td valign=\"bottom\" nowrap=\"nowrap\" width=\"112\">D. 31 Mars<\/td>\n<td valign=\"bottom\" nowrap=\"nowrap\" width=\"304\">TARBES (65)<\/td>\n<td valign=\"bottom\" nowrap=\"nowrap\" width=\"104\">EDELWEISS<\/td>\n<td valign=\"bottom\" nowrap=\"nowrap\" width=\"32\">c<\/td>\n<td valign=\"top\" width=\"96\">\n<p align=\"center\">06 88 22 88 64<\/p>\n<\/td>\n<\/tr>\n<tr>\n<td valign=\"bottom\" nowrap=\"nowrap\" width=\"112\">D. 31 Mars<\/td>\n<td valign=\"bottom\" nowrap=\"nowrap\" width=\"304\"><\/td>\n<td valign=\"bottom\" nowrap=\"nowrap\" width=\"104\"><\/td>\n<td valign=\"bottom\" nowrap=\"nowrap\" width=\"32\"><\/td>\n<td valign=\"top\" width=\"96\"><\/td>\n<\/tr>\n<tr>\n<td valign=\"bottom\" nowrap=\"nowrap\" width=\"112\">L. 01 Avril *<\/td>\n<td valign=\"bottom\" nowrap=\"nowrap\" width=\"304\">CASTELSAGRAT (82)<\/td>\n<td valign=\"bottom\" nowrap=\"nowrap\" width=\"104\">CASTELSAGRAT<\/td>\n<td valign=\"bottom\" nowrap=\"nowrap\" width=\"32\">c<\/td>\n<td valign=\"top\" width=\"96\">\n<p align=\"center\">05 63 94 27 26<\/p>\n<\/td>\n<\/tr>\n<tr>\n<td valign=\"bottom\" nowrap=\"nowrap\" width=\"112\">D. 07 Avril*<\/td>\n<td valign=\"bottom\" nowrap=\"nowrap\" width=\"304\">ALBI\u00a0 S\u00e9questre (81)<\/td>\n<td valign=\"bottom\" nowrap=\"nowrap\" width=\"104\">St. JUERY<\/td>\n<td valign=\"bottom\" nowrap=\"nowrap\" width=\"32\">c<\/td>\n<td valign=\"top\" width=\"96\">\n<p align=\"center\">05 63 47 02 32<\/p>\n<\/td>\n<\/tr>\n<tr>\n<td valign=\"bottom\" nowrap=\"nowrap\" width=\"112\">D. 07 Avril<\/td>\n<td valign=\"bottom\" nowrap=\"nowrap\" width=\"304\">ESCONDEAUX (65)<\/td>\n<td valign=\"bottom\" nowrap=\"nowrap\" width=\"104\">TPC<\/td>\n<td valign=\"bottom\" nowrap=\"nowrap\" width=\"32\">c<\/td>\n<td valign=\"top\" width=\"96\">\n<p align=\"center\">05 62 96 65 07<\/p>\n<\/td>\n<\/tr>\n<tr>\n<td valign=\"bottom\" nowrap=\"nowrap\" width=\"112\">D. 14 Avril *<\/td>\n<td valign=\"bottom\" nowrap=\"nowrap\" width=\"304\">SOUEICH (31)<\/td>\n<td valign=\"bottom\" nowrap=\"nowrap\" width=\"104\">SGCC<\/td>\n<td valign=\"bottom\" nowrap=\"nowrap\" width=\"32\">L<\/td>\n<td valign=\"top\" width=\"96\">\n<p align=\"center\">05 61 94 22 95<\/p>\n<\/td>\n<\/tr>\n<tr>\n<td valign=\"bottom\" nowrap=\"nowrap\" width=\"112\">D. 14 Avril<\/td>\n<td valign=\"bottom\" nowrap=\"nowrap\" width=\"304\">GERDE\u00a0 (65)<\/td>\n<td valign=\"bottom\" nowrap=\"nowrap\" width=\"104\">UCCV<\/td>\n<td valign=\"bottom\" nowrap=\"nowrap\" width=\"32\"><\/td>\n<td valign=\"top\" width=\"96\"><\/td>\n<\/tr>\n<tr>\n<td valign=\"bottom\" nowrap=\"nowrap\" width=\"112\">D. 21 Avril *<\/td>\n<td valign=\"bottom\" nowrap=\"nowrap\" width=\"304\">AUSSONNE \u2013 AUSSONNE (31)<\/td>\n<td valign=\"bottom\" nowrap=\"nowrap\" width=\"104\">TOAC<\/td>\n<td valign=\"bottom\" nowrap=\"nowrap\" width=\"32\">L<\/td>\n<td valign=\"top\" width=\"96\">\n<p align=\"center\">05 61 71 15 03<\/p>\n<\/td>\n<\/tr>\n<tr>\n<td valign=\"bottom\" nowrap=\"nowrap\" width=\"112\">D. 28 Avril<\/td>\n<td valign=\"bottom\" nowrap=\"nowrap\" width=\"304\">RONDE CASTRAISE (81)<\/td>\n<td valign=\"bottom\" nowrap=\"nowrap\" width=\"104\"><\/td>\n<td valign=\"bottom\" nowrap=\"nowrap\" width=\"32\">CS<\/td>\n<td valign=\"top\" width=\"96\"><\/td>\n<\/tr>\n<tr>\n<td valign=\"bottom\" nowrap=\"nowrap\" width=\"112\">D. 28 Avril<\/td>\n<td valign=\"bottom\" nowrap=\"nowrap\" width=\"304\">CASTELNAU D\u2019ESTRETEFOND &#8211; EUROCENTRE (31)<\/td>\n<td valign=\"bottom\" nowrap=\"nowrap\" width=\"104\">USF<\/td>\n<td valign=\"bottom\" nowrap=\"nowrap\" width=\"32\">C<\/td>\n<td valign=\"top\" width=\"96\">\n<p align=\"center\">05 61 35 87 63<\/p>\n<\/td>\n<\/tr>\n<tr>\n<td valign=\"bottom\" nowrap=\"nowrap\" width=\"112\">D. 28 Avril<\/td>\n<td valign=\"bottom\" nowrap=\"nowrap\" width=\"304\">PONSONS-DESSUS (65)<\/td>\n<td valign=\"bottom\" nowrap=\"nowrap\" width=\"104\">ENC<\/td>\n<td valign=\"bottom\" nowrap=\"nowrap\" width=\"32\">c<\/td>\n<td valign=\"top\" width=\"96\"><\/td>\n<\/tr>\n<tr>\n<td valign=\"bottom\" nowrap=\"nowrap\" width=\"112\">Mer.\u00a0 01 Mai<\/td>\n<td valign=\"bottom\" nowrap=\"nowrap\" width=\"304\">CAUJAC (31)<\/td>\n<td valign=\"bottom\" nowrap=\"nowrap\" width=\"104\">ACA<\/td>\n<td valign=\"bottom\" nowrap=\"nowrap\" width=\"32\">C<\/td>\n<td valign=\"top\" width=\"96\">\n<p align=\"center\">05 61 81 15 50<\/p>\n<\/td>\n<\/tr>\n<tr>\n<td valign=\"bottom\" nowrap=\"nowrap\" width=\"112\">Mer.\u00a0 01 Mai<\/td>\n<td valign=\"bottom\" nowrap=\"nowrap\" width=\"304\">LAVAUR (81)<\/td>\n<td valign=\"bottom\" nowrap=\"nowrap\" width=\"104\">LAVAUR<\/td>\n<td valign=\"bottom\" nowrap=\"nowrap\" width=\"32\">C<\/td>\n<td valign=\"top\" width=\"96\"><\/td>\n<\/tr>\n<tr>\n<td valign=\"bottom\" nowrap=\"nowrap\" width=\"112\">Mer.\u00a0 01 Mai<\/td>\n<td valign=\"bottom\" nowrap=\"nowrap\" width=\"304\">TARBES (65)<\/td>\n<td valign=\"bottom\" nowrap=\"nowrap\" width=\"104\">EDELWEISS<\/td>\n<td valign=\"bottom\" nowrap=\"nowrap\" width=\"32\">C<\/td>\n<td valign=\"top\" width=\"96\">\n<p align=\"center\">06 88 22 88 64<\/p>\n<\/td>\n<\/tr>\n<tr>\n<td valign=\"bottom\" nowrap=\"nowrap\" width=\"112\">D.\u00a0 05 Mai<\/td>\n<td valign=\"bottom\" nowrap=\"nowrap\" width=\"304\">CARMAUX CAP DECOUVERTE (81)<\/td>\n<td valign=\"bottom\" nowrap=\"nowrap\" width=\"104\">BLAYE<\/td>\n<td valign=\"bottom\" nowrap=\"nowrap\" width=\"32\">C<\/td>\n<td valign=\"top\" width=\"96\"><\/td>\n<\/tr>\n<tr>\n<td valign=\"bottom\" nowrap=\"nowrap\" width=\"112\">Mer. 08 Mai<\/td>\n<td valign=\"bottom\" nowrap=\"nowrap\" width=\"304\">RISCLE (65)<\/td>\n<td valign=\"bottom\" nowrap=\"nowrap\" width=\"104\">UCAB<\/td>\n<td valign=\"bottom\" nowrap=\"nowrap\" width=\"32\">C<\/td>\n<td valign=\"top\" width=\"96\"><\/td>\n<\/tr>\n<tr>\n<td valign=\"bottom\" nowrap=\"nowrap\" width=\"112\">J. 09 Mai (Ascension)<\/td>\n<td valign=\"bottom\" nowrap=\"nowrap\" width=\"304\">Championnat Midi-Pyr CLM\/Equipes \u00e0 VILLEMATIERS (31)<\/td>\n<td valign=\"bottom\" nowrap=\"nowrap\" width=\"104\">COMMISSION (31)<\/td>\n<td valign=\"bottom\" nowrap=\"nowrap\" width=\"32\">L<\/td>\n<td valign=\"top\" width=\"96\"><\/td>\n<\/tr>\n<tr>\n<td valign=\"bottom\" nowrap=\"nowrap\" width=\"112\">D. 12 Mai<\/td>\n<td valign=\"bottom\" nowrap=\"nowrap\" width=\"304\">CHAMPIONNATS D\u00e9partementaux<\/td>\n<td valign=\"bottom\" nowrap=\"nowrap\" width=\"104\"><\/td>\n<td valign=\"bottom\" nowrap=\"nowrap\" width=\"32\"><\/td>\n<td valign=\"top\" width=\"96\"><\/td>\n<\/tr>\n<tr>\n<td valign=\"bottom\" nowrap=\"nowrap\" width=\"112\">D. 19 Mai<\/td>\n<td valign=\"bottom\" nowrap=\"nowrap\" width=\"304\">COLOMIERS (31)<\/td>\n<td valign=\"bottom\" nowrap=\"nowrap\" width=\"104\">USCC<\/td>\n<td valign=\"bottom\" nowrap=\"nowrap\" width=\"32\">C<\/td>\n<td valign=\"top\" width=\"96\">\n<p align=\"center\">05 61 30 12 18<\/p>\n<\/td>\n<\/tr>\n<tr>\n<td valign=\"bottom\" nowrap=\"nowrap\" width=\"112\">D. 19 Mai<\/td>\n<td valign=\"bottom\" nowrap=\"nowrap\" width=\"304\">RISCLE &#8211; CASTETPUGON (65)<\/td>\n<td valign=\"bottom\" nowrap=\"nowrap\" width=\"104\">UCAB<\/td>\n<td valign=\"bottom\" nowrap=\"nowrap\" width=\"32\">2E<\/td>\n<td valign=\"top\" width=\"96\"><\/td>\n<\/tr>\n<tr>\n<td valign=\"bottom\" nowrap=\"nowrap\" width=\"112\">L. 20 Mai<\/td>\n<td valign=\"bottom\" nowrap=\"nowrap\" width=\"304\"><\/td>\n<td valign=\"bottom\" nowrap=\"nowrap\" width=\"104\"><\/td>\n<td valign=\"bottom\" nowrap=\"nowrap\" width=\"32\"><\/td>\n<td valign=\"top\" width=\"96\"><\/td>\n<\/tr>\n<tr>\n<td valign=\"bottom\" nowrap=\"nowrap\" width=\"112\">S. 25 Mai<\/td>\n<td valign=\"bottom\" nowrap=\"nowrap\" width=\"304\">LA MARION CLIGNET \u00e0 L\u2019ISLE JOURDAIN (32)<\/td>\n<td valign=\"bottom\" nowrap=\"nowrap\" width=\"104\">CCL<\/td>\n<td valign=\"bottom\" nowrap=\"nowrap\" width=\"32\">CS<\/td>\n<td valign=\"top\" width=\"96\"><\/td>\n<\/tr>\n<tr>\n<td valign=\"bottom\" nowrap=\"nowrap\" width=\"112\">S. 25 Mai<\/td>\n<td valign=\"bottom\" nowrap=\"nowrap\" width=\"304\">PRIX DES THERMES (65)<\/td>\n<td valign=\"bottom\" nowrap=\"nowrap\" width=\"104\">VCPL<\/td>\n<td valign=\"bottom\" nowrap=\"nowrap\" width=\"32\">C<\/td>\n<td valign=\"top\" width=\"96\">\n<p align=\"center\">05 62 92 78 69<\/p>\n<\/td>\n<\/tr>\n<tr>\n<td valign=\"bottom\" nowrap=\"nowrap\" width=\"112\">D.\u00a0 26 Mai<\/td>\n<td valign=\"bottom\" nowrap=\"nowrap\" width=\"304\">GAILLAC (81)<\/td>\n<td valign=\"bottom\" nowrap=\"nowrap\" width=\"104\">GAILLAC<\/td>\n<td valign=\"bottom\" nowrap=\"nowrap\" width=\"32\">C<\/td>\n<td valign=\"top\" width=\"96\"><\/td>\n<\/tr>\n<tr>\n<td valign=\"bottom\" nowrap=\"nowrap\" width=\"112\">D. 02\u00a0 Juin<\/td>\n<td valign=\"bottom\" nowrap=\"nowrap\" width=\"304\">CHAMPIONNAT MIDI-PYRENEES (65\u00a0?)<\/td>\n<td valign=\"bottom\" nowrap=\"nowrap\" width=\"104\">65\u00a0?<\/td>\n<td valign=\"bottom\" nowrap=\"nowrap\" width=\"32\">C<\/td>\n<td valign=\"top\" width=\"96\"><\/td>\n<\/tr>\n<tr>\n<td valign=\"bottom\" nowrap=\"nowrap\" width=\"112\">S. 08 Juin<\/td>\n<td valign=\"bottom\" nowrap=\"nowrap\" width=\"304\">TOUR DES HAUTES PYRENEES (65)<\/td>\n<td valign=\"bottom\" nowrap=\"nowrap\" width=\"104\">COMMISSION (65)<\/td>\n<td valign=\"bottom\" nowrap=\"nowrap\" width=\"32\">1 E<\/td>\n<td valign=\"top\" width=\"96\"><\/td>\n<\/tr>\n<tr>\n<td valign=\"bottom\" nowrap=\"nowrap\" width=\"112\">D. 09 Juin<\/td>\n<td valign=\"bottom\" nowrap=\"nowrap\" width=\"304\">TOUR DES HAUTES PYRENEES (65)<\/td>\n<td valign=\"bottom\" nowrap=\"nowrap\" width=\"104\">COMMISSION (65)<\/td>\n<td valign=\"bottom\" nowrap=\"nowrap\" width=\"32\">2 E<\/td>\n<td valign=\"top\" width=\"96\"><\/td>\n<\/tr>\n<tr>\n<td valign=\"bottom\" nowrap=\"nowrap\" width=\"112\">D. 09 Juin<\/td>\n<td valign=\"bottom\" nowrap=\"nowrap\" width=\"304\">LABASTIDETTE (31)\u00a0?<\/td>\n<td valign=\"bottom\" nowrap=\"nowrap\" width=\"104\">CCL\u00a0?<\/td>\n<td valign=\"bottom\" nowrap=\"nowrap\" width=\"32\">C<\/td>\n<td valign=\"top\" width=\"96\">\n<p align=\"center\">05 61 86 12 39<\/p>\n<\/td>\n<\/tr>\n<tr>\n<td valign=\"bottom\" nowrap=\"nowrap\" width=\"112\">D. 16 Juin<\/td>\n<td valign=\"bottom\" nowrap=\"nowrap\" width=\"304\">CASTANET (31)<\/td>\n<td valign=\"bottom\" nowrap=\"nowrap\" width=\"104\">CCC<\/td>\n<td valign=\"bottom\" nowrap=\"nowrap\" width=\"32\">C<\/td>\n<td valign=\"top\" width=\"96\">\n<p align=\"center\">05 61 81 05 56<\/p>\n<\/td>\n<\/tr>\n<tr>\n<td valign=\"bottom\" nowrap=\"nowrap\" width=\"112\">Mer. 19 Juin<\/td>\n<td valign=\"bottom\" nowrap=\"nowrap\" width=\"304\">SAINT JUERY Nocturne (81)<\/td>\n<td valign=\"bottom\" nowrap=\"nowrap\" width=\"104\">St JUERY<\/td>\n<td valign=\"bottom\" nowrap=\"nowrap\" width=\"32\">N<\/td>\n<td valign=\"top\" width=\"96\">\n<p align=\"center\">05 63 47 02 32<\/p>\n<\/td>\n<\/tr>\n<tr>\n<td valign=\"bottom\" nowrap=\"nowrap\" width=\"112\">S. 22 Juin<\/td>\n<td valign=\"bottom\" nowrap=\"nowrap\" width=\"304\">MAUBOURGUET Nocturne (65)<\/td>\n<td valign=\"bottom\" nowrap=\"nowrap\" width=\"104\">TPC<\/td>\n<td valign=\"bottom\" nowrap=\"nowrap\" width=\"32\">N<\/td>\n<td valign=\"top\" width=\"96\">\n<p align=\"center\">05 62 96 65 07<\/p>\n<\/td>\n<\/tr>\n<tr>\n<td valign=\"bottom\" nowrap=\"nowrap\" width=\"112\">D. 23 Juin<\/td>\n<td valign=\"bottom\" nowrap=\"nowrap\" width=\"304\">TOUR TARN SUD \u00e0 SOREZE (81)<\/td>\n<td valign=\"bottom\" nowrap=\"nowrap\" width=\"104\">SVC\/TOAC<\/td>\n<td valign=\"bottom\" nowrap=\"nowrap\" width=\"32\">2E<\/td>\n<td valign=\"top\" width=\"96\">\n<p align=\"center\">06 12 25 17 32<\/p>\n<\/td>\n<\/tr>\n<tr>\n<td valign=\"bottom\" nowrap=\"nowrap\" width=\"112\">J. 27 Juin<\/td>\n<td valign=\"bottom\" nowrap=\"nowrap\" width=\"304\"><\/td>\n<td valign=\"bottom\" nowrap=\"nowrap\" width=\"104\"><\/td>\n<td valign=\"bottom\" nowrap=\"nowrap\" width=\"32\"><\/td>\n<td valign=\"top\" width=\"96\"><\/td>\n<\/tr>\n<tr>\n<td valign=\"bottom\" nowrap=\"nowrap\" width=\"112\">S. 29 Juin<\/td>\n<td valign=\"bottom\" nowrap=\"nowrap\" width=\"304\">PIERREFITTE (65)<\/td>\n<td valign=\"bottom\" nowrap=\"nowrap\" width=\"104\">VCPL<\/td>\n<td valign=\"bottom\" nowrap=\"nowrap\" width=\"32\">N<\/td>\n<td valign=\"top\" width=\"96\">\n<p align=\"center\">05 62 92 78 69<\/p>\n<\/td>\n<\/tr>\n<tr>\n<td valign=\"bottom\" nowrap=\"nowrap\" width=\"112\">D. 30 Juin<\/td>\n<td valign=\"bottom\" nowrap=\"nowrap\" width=\"304\"><\/td>\n<td valign=\"bottom\" nowrap=\"nowrap\" width=\"104\"><\/td>\n<td valign=\"bottom\" nowrap=\"nowrap\" width=\"32\"><\/td>\n<td valign=\"top\" width=\"96\"><\/td>\n<\/tr>\n<tr>\n<td valign=\"bottom\" nowrap=\"nowrap\" width=\"112\">S. 06 Juillet<\/td>\n<td valign=\"bottom\" nowrap=\"nowrap\" width=\"304\">Nocturne D\u2019 EMPALOT (31)<\/td>\n<td valign=\"bottom\" nowrap=\"nowrap\" width=\"104\">EVC<\/td>\n<td valign=\"bottom\" nowrap=\"nowrap\" width=\"32\">N<\/td>\n<td valign=\"top\" width=\"96\">\n<p align=\"center\">05 61 72 51 14<\/p>\n<\/td>\n<\/tr>\n<tr>\n<td valign=\"bottom\" nowrap=\"nowrap\" width=\"112\">D. 07 Juillet<\/td>\n<td valign=\"bottom\" nowrap=\"nowrap\" width=\"304\">ARTHES (81)<\/td>\n<td valign=\"bottom\" nowrap=\"nowrap\" width=\"104\">TOAC<\/td>\n<td valign=\"bottom\" nowrap=\"nowrap\" width=\"32\">C<\/td>\n<td valign=\"top\" width=\"96\">\n<p align=\"center\">05 61 71 15 03<\/p>\n<\/td>\n<\/tr>\n<tr>\n<td valign=\"bottom\" nowrap=\"nowrap\" width=\"112\">Me. 10 Juillet<\/td>\n<td valign=\"bottom\" nowrap=\"nowrap\" width=\"304\">Nocturne PORTET CANDIE (31)<\/td>\n<td valign=\"bottom\" nowrap=\"nowrap\" width=\"104\">VCP<\/td>\n<td valign=\"bottom\" nowrap=\"nowrap\" width=\"32\">N<\/td>\n<td valign=\"top\" width=\"96\">\n<p align=\"center\">05 62 48 29 74<\/p>\n<\/td>\n<\/tr>\n<tr>\n<td valign=\"bottom\" nowrap=\"nowrap\" width=\"112\">S. 13 Juillet<\/td>\n<td valign=\"bottom\" nowrap=\"nowrap\" width=\"304\">VIC EN BIGORRE Nocturne (65)<\/td>\n<td valign=\"bottom\" nowrap=\"nowrap\" width=\"104\">TPC<\/td>\n<td valign=\"bottom\" nowrap=\"nowrap\" width=\"32\">N<\/td>\n<td valign=\"top\" width=\"96\">\n<p align=\"center\">05 62 96 65 07<\/p>\n<\/td>\n<\/tr>\n<tr>\n<td valign=\"bottom\" nowrap=\"nowrap\" width=\"112\">S.13 juillet; D. 14 Juil.<\/td>\n<td valign=\"bottom\" nowrap=\"nowrap\" width=\"304\">Championnat NATIONAL\u00a0 Sa\u00f4ne et Loire\u00a0 \u00e0 LA GUICHE (72)<\/td>\n<td valign=\"bottom\" nowrap=\"nowrap\" width=\"104\">COMMISSION (72)<\/td>\n<td valign=\"bottom\" nowrap=\"nowrap\" width=\"32\">C<\/td>\n<td valign=\"top\" width=\"96\"><\/td>\n<\/tr>\n<tr>\n<td valign=\"bottom\" nowrap=\"nowrap\" width=\"112\">S. 20 Juillet<\/td>\n<td valign=\"bottom\" nowrap=\"nowrap\" width=\"304\">LE BORN (31)<\/td>\n<td valign=\"bottom\" nowrap=\"nowrap\" width=\"104\">ASV<\/td>\n<td valign=\"bottom\" nowrap=\"nowrap\" width=\"32\">C<\/td>\n<td valign=\"top\" width=\"96\">\n<p align=\"center\">05 61 09 22 92<\/p>\n<\/td>\n<\/tr>\n<tr>\n<td valign=\"bottom\" nowrap=\"nowrap\" width=\"112\">Mer. 24 Juillet<\/td>\n<td valign=\"bottom\" nowrap=\"nowrap\" width=\"304\">Nocturne CANDIE (31)<\/td>\n<td valign=\"bottom\" nowrap=\"nowrap\" width=\"104\">COMMISSION (31)<\/td>\n<td valign=\"bottom\" nowrap=\"nowrap\" width=\"32\">C<\/td>\n<td valign=\"top\" width=\"96\"><\/td>\n<\/tr>\n<tr>\n<td valign=\"bottom\" nowrap=\"nowrap\" width=\"112\">D. 28 Juillet<\/td>\n<td valign=\"bottom\" nowrap=\"nowrap\" width=\"304\">LES 12 Heures d\u2019ALBI S\u00e9questre (81)<\/td>\n<td valign=\"bottom\" nowrap=\"nowrap\" width=\"104\">St JUERY<\/td>\n<td valign=\"bottom\" nowrap=\"nowrap\" width=\"32\">C<\/td>\n<td valign=\"top\" width=\"96\">\n<p align=\"center\">05 63 47 02 32<\/p>\n<\/td>\n<\/tr>\n<tr>\n<td valign=\"bottom\" nowrap=\"nowrap\" width=\"112\">V. 02 Ao\u00fbt<\/td>\n<td valign=\"bottom\" nowrap=\"nowrap\" width=\"304\">Nocturne de LUZ St SAUVEUR (65)<\/td>\n<td valign=\"bottom\" nowrap=\"nowrap\" width=\"104\">VCPL<\/td>\n<td valign=\"bottom\" nowrap=\"nowrap\" width=\"32\">N<\/td>\n<td valign=\"top\" width=\"96\">\n<p align=\"center\">05 62 92 78 69<\/p>\n<\/td>\n<\/tr>\n<tr>\n<td valign=\"bottom\" nowrap=\"nowrap\" width=\"112\">D. 04 Ao\u00fbt<\/td>\n<td valign=\"bottom\" nowrap=\"nowrap\" width=\"304\">PIBRAC (31)<\/td>\n<td valign=\"bottom\" nowrap=\"nowrap\" width=\"104\">CCL<\/td>\n<td valign=\"bottom\" nowrap=\"nowrap\" width=\"32\">C<\/td>\n<td valign=\"top\" width=\"96\">\n<p align=\"center\">05 61 86 12 39<\/p>\n<\/td>\n<\/tr>\n<tr>\n<td valign=\"bottom\" nowrap=\"nowrap\" width=\"112\">Mer. 07 Ao\u00fbt<\/td>\n<td valign=\"bottom\" nowrap=\"nowrap\" width=\"304\">Nocturne CANDIE (31)<\/td>\n<td valign=\"bottom\" nowrap=\"nowrap\" width=\"104\">COMMISSION (31)<\/td>\n<td valign=\"bottom\" nowrap=\"nowrap\" width=\"32\">C<\/td>\n<td valign=\"top\" width=\"96\"><\/td>\n<\/tr>\n<tr>\n<td valign=\"bottom\" nowrap=\"nowrap\" width=\"112\">D. 11 Ao\u00fbt<\/td>\n<td valign=\"bottom\" nowrap=\"nowrap\" width=\"304\"><\/td>\n<td valign=\"bottom\" nowrap=\"nowrap\" width=\"104\"><\/td>\n<td valign=\"bottom\" nowrap=\"nowrap\" width=\"32\"><\/td>\n<td valign=\"top\" width=\"96\"><\/td>\n<\/tr>\n<tr>\n<td valign=\"bottom\" nowrap=\"nowrap\" width=\"112\">J. 15 Ao\u00fbt<\/td>\n<td valign=\"bottom\" nowrap=\"nowrap\" width=\"304\"><\/td>\n<td valign=\"bottom\" nowrap=\"nowrap\" width=\"104\"><\/td>\n<td valign=\"bottom\" nowrap=\"nowrap\" width=\"32\"><\/td>\n<td valign=\"top\" width=\"96\"><\/td>\n<\/tr>\n<tr>\n<td valign=\"bottom\" nowrap=\"nowrap\" width=\"112\">D.\u00a0 18 Ao\u00fbt<\/td>\n<td valign=\"bottom\" nowrap=\"nowrap\" width=\"304\"><\/td>\n<td valign=\"bottom\" nowrap=\"nowrap\" width=\"104\"><\/td>\n<td valign=\"bottom\" nowrap=\"nowrap\" width=\"32\"><\/td>\n<td valign=\"top\" width=\"96\"><\/td>\n<\/tr>\n<tr>\n<td valign=\"bottom\" nowrap=\"nowrap\" width=\"112\">Mer. 21 Ao\u00fbt<\/td>\n<td valign=\"bottom\" nowrap=\"nowrap\" width=\"304\">Nocturne CANDIE (31)<\/td>\n<td valign=\"bottom\" nowrap=\"nowrap\" width=\"104\">COMMISSION (31)<\/td>\n<td valign=\"bottom\" nowrap=\"nowrap\" width=\"32\">C<\/td>\n<td valign=\"top\" width=\"96\"><\/td>\n<\/tr>\n<tr>\n<td valign=\"bottom\" nowrap=\"nowrap\" width=\"112\">S. 31 Ao\u00fbt<\/td>\n<td valign=\"bottom\" nowrap=\"nowrap\" width=\"304\">AUSSONNE (31)<\/td>\n<td valign=\"bottom\" nowrap=\"nowrap\" width=\"104\">USCC<\/td>\n<td valign=\"bottom\" nowrap=\"nowrap\" width=\"32\">C<\/td>\n<td valign=\"top\" width=\"96\">\n<p align=\"center\">05 61 30 12 18<\/p>\n<\/td>\n<\/tr>\n<tr>\n<td valign=\"bottom\" nowrap=\"nowrap\" width=\"112\">D. 01 Septembre<\/td>\n<td valign=\"bottom\" nowrap=\"nowrap\" width=\"304\">PORTET (31)<\/td>\n<td valign=\"bottom\" nowrap=\"nowrap\" width=\"104\">VCP<\/td>\n<td valign=\"bottom\" nowrap=\"nowrap\" width=\"32\">C<\/td>\n<td valign=\"top\" width=\"96\">\n<p align=\"center\">05 62 48 29 74<\/p>\n<\/td>\n<\/tr>\n<tr>\n<td valign=\"bottom\" nowrap=\"nowrap\" width=\"112\">D. 01 Septembre<\/td>\n<td valign=\"bottom\" nowrap=\"nowrap\" width=\"304\">JUILLAN (65)<\/td>\n<td valign=\"bottom\" nowrap=\"nowrap\" width=\"104\">EDELWEISS<\/td>\n<td valign=\"bottom\" nowrap=\"nowrap\" width=\"32\"><\/td>\n<td valign=\"top\" width=\"96\">\n<p align=\"center\">06 88 22 88 64<\/p>\n<\/td>\n<\/tr>\n<tr>\n<td valign=\"bottom\" nowrap=\"nowrap\" width=\"112\">D. 08 Septembre\u00a0 **<\/td>\n<td valign=\"bottom\" nowrap=\"nowrap\" width=\"304\">PINS JUSTARET (31)<\/td>\n<td valign=\"bottom\" nowrap=\"nowrap\" width=\"104\">CPRS<\/td>\n<td valign=\"bottom\" nowrap=\"nowrap\" width=\"32\">C<\/td>\n<td valign=\"top\" width=\"96\">\n<p align=\"center\">06 81 83 39 86<\/p>\n<\/td>\n<\/tr>\n<tr>\n<td valign=\"bottom\" nowrap=\"nowrap\" width=\"112\">D. 15 Septembre<\/td>\n<td valign=\"bottom\" nowrap=\"nowrap\" width=\"304\">CAZERES (31)<\/td>\n<td valign=\"bottom\" nowrap=\"nowrap\" width=\"104\">Caz\u00e8res<\/td>\n<td valign=\"bottom\" nowrap=\"nowrap\" width=\"32\">C<\/td>\n<td valign=\"top\" width=\"96\">\n<p align=\"center\">05 61 97 14 46<\/p>\n<\/td>\n<\/tr>\n<tr>\n<td valign=\"bottom\" nowrap=\"nowrap\" width=\"112\">D. 22 Septembre<\/td>\n<td valign=\"bottom\" nowrap=\"nowrap\" width=\"304\">BALMA (31)<\/td>\n<td valign=\"bottom\" nowrap=\"nowrap\" width=\"104\">BOC<\/td>\n<td valign=\"bottom\" nowrap=\"nowrap\" width=\"32\">C<\/td>\n<td valign=\"top\" width=\"96\"><\/td>\n<\/tr>\n<tr>\n<td valign=\"bottom\" nowrap=\"nowrap\" width=\"112\">D. 29 Septembre\u00a0 **<\/td>\n<td valign=\"bottom\" nowrap=\"nowrap\" width=\"304\">PAULHAC (31)<\/td>\n<td valign=\"bottom\" nowrap=\"nowrap\" width=\"104\">ASUC<\/td>\n<td valign=\"bottom\" nowrap=\"nowrap\" width=\"32\">C<\/td>\n<td valign=\"top\" width=\"96\">\n<p align=\"center\">05 61 35 03 93<\/p>\n<\/td>\n<\/tr>\n<tr>\n<td valign=\"bottom\" nowrap=\"nowrap\" width=\"112\">D. 06 Octobre\u00a0\u00a0 **<\/td>\n<td valign=\"bottom\" nowrap=\"nowrap\" width=\"304\">VILLARIES (31)<\/td>\n<td valign=\"bottom\" nowrap=\"nowrap\" width=\"104\">TOAC<\/td>\n<td valign=\"bottom\" nowrap=\"nowrap\" width=\"32\">C<\/td>\n<td valign=\"top\" width=\"96\">\n<p align=\"center\">05 61 71 15 03<\/p>\n<\/td>\n<\/tr>\n<\/tbody>\n<\/table>\n<p>&nbsp;<\/p>\n<p>* Challenge du Printemps\u00a0\u00a0\u00a0\u00a0 \u00a0\u00a0\u00a0\u00a0\u00a0\u00a0\u00a0\u00a0\u00a0\u00a0\u00a0\u00a0\u00a0\u00a0** Challenge d\u2019Automne<\/p>\n<p><b>Obs<\/b>\u00a0: C = Circuit ; L\u00a0= Ligne ; E\u00a0= Etapes ; N\u00a0= Nocturne ; S\/N\u00a0= Semi-Nocturne\u00a0; CS = CycloSportive<\/p>\n<p><\/div><\/div><\/div>\n","protected":false},"excerpt":{"rendered":"","protected":false},"author":5,"featured_media":0,"parent":0,"menu_order":0,"comment_status":"closed","ping_status":"closed","template":"","meta":{"ngg_post_thumbnail":0},"_links":{"self":[{"href":"https:\/\/www.fsgt65.org\/index.php?rest_route=\/wp\/v2\/pages\/601"}],"collection":[{"href":"https:\/\/www.fsgt65.org\/index.php?rest_route=\/wp\/v2\/pages"}],"about":[{"href":"https:\/\/www.fsgt65.org\/index.php?rest_route=\/wp\/v2\/types\/page"}],"author":[{"embeddable":true,"href":"https:\/\/www.fsgt65.org\/index.php?rest_route=\/wp\/v2\/users\/5"}],"replies":[{"embeddable":true,"href":"https:\/\/www.fsgt65.org\/index.php?rest_route=%2Fwp%2Fv2%2Fcomments&post=601"}],"version-history":[{"count":21,"href":"https:\/\/www.fsgt65.org\/index.php?rest_route=\/wp\/v2\/pages\/601\/revisions"}],"predecessor-version":[{"id":829,"href":"https:\/\/www.fsgt65.org\/index.php?rest_route=\/wp\/v2\/pages\/601\/revisions\/829"}],"wp:attachment":[{"href":"https:\/\/www.fsgt65.org\/index.php?rest_route=%2Fwp%2Fv2%2Fmedia&parent=601"}],"curies":[{"name":"wp","href":"https:\/\/api.w.org\/{rel}","templated":true}]}}